er when 786 is divided by 739.
47
Calculate the remainder when 1844 is divided by 132.
128
What is the remainder when 953 is divided by 425?
103
What is the remainder when 185276 is divided by 41?
38
Calculate the remainder when 70160 is divided by 167.
20
What is the remainder when 4209 is divided by 990?
249
What is the remainder when 306534 is divided by 183?
9
Calculate the remainder when 220437 is divided by 7872.
21
What is the remainder when 21126 is divided by 11?
6
What is the remainder when 69340 is divided by 6?
4
What is the remainder when 441 is divided by 381?
60
What is the remainder when 4694 is divided by 392?
382
Calculate the remainder when 891213 is divided by 65.
63
What is the remainder when 29542 is divided by 15?
7
Calculate the remainder when 9211 is divided by 271.
268
What is the remainder when 8398 is divided by 18?
10
What is the remainder when 87071 is divided by 36?
23
Calculate the remainder when 274540 is divided by 137266.
8
Calculate the remainder when 14107 is divided by 235.
7
What is the remainder when 18383 is divided by 227?
223
What is the remainder when 5586 is divided by 971?
731
What is the remainder when 488 is divided by 468?
20
What is the remainder when 29831 is divided by 156?
35
What is the remainder when 521419 is divided by 25?
19
What is the remainder when 1773 is divided by 225?
198
What is the remainder when 255 is divided by 23?
2
What is the remainder when 630341 is divided by 11?
8
Calculate the remainder when 103576 is divided by 103571.
5
What is the remainder when 803909 is divided by 2099?
2091
What is the remainder when 393578 is divided by 10637?
9
What is the remainder when 1334 is divided by 386?
176
Calculate the remainder when 20046 is divided by 37.
29
What is the remainder when 849 is divided by 401?
47
Calculate the remainder when 34497 is divided by 203.
190
What is the remainder when 233123 is divided by 77701?
20
What is the remainder when 18122 is divided by 168?
146
Calculate the remainder when 12514 is divided by 135.
94
What is the remainder when 6235949 is divided by 8?
5
What is the remainder when 16119 is divided by 1138?
187
What is the remainder when 16049 is divided by 8022?
5
Calculate the remainder when 1433 is divided by 19.
8
Calculate the remainder when 54277 is divided by 2010.
7
Calculate the remainder when 1002958 is divided by 105.
103
Calculate the remainder when 300628 is divided by 52.
16
What is the remainder when 19151 is divided by 270?
251
Calculate the remainder when 610314 is divided by 14.
12
Calculate the remainder when 18675 is divided by 102.
9
Calculate the remainder when 22007 is divided by 999.
29
Calculate the remainder when 69286 is divided by 1283.
4
Calculate the remainder when 128167 is divided by 9859.
0
Calculate the remainder when 914758 is divided by 1848.
1846
What is the remainder when 21528 is divided by 365?
358
What is the remainder when 1847 is divided by 164?
43
Calculate the remainder when 25549 is divided by 3188.
45
Calculate the remainder when 6651 is divided by 43.
29
Calculate the remainder when 8933 is divided by 179.
162
What is the remainder when 6645 is divided by 418?
375
What is the remainder when 7375 is divided by 307?
7
Calculate the remainder when 2786 is divided by 579.
470
Calculate the remainder when 2322 is divided by 288.
18
Calculate the remainder when 42649 is divided by 374.
13
What is the remainder when 5022 is divided by 296?
286
Calculate the remainder when 95827 is divided by 6387.
22
Calculate the remainder when 53713 is divided by 56.
9
Calculate the remainder when 1546 is divided by 1453.
93
What is the remainder when 82794 is divided by 41393?
8
Calculate the remainder when 500886 is divided by 58.
56
What is the remainder when 1694 is divided by 112?
14
What is the remainder when 5829 is divided by 4516?
1313
What is the remainder when 18823 is divided by 78?
25
What is the remainder when 6016 is divided by 1975?
91
Calculate the remainder when 5409 is divided by 495.
459
What is the remainder when 15063 is divided by 386?
9
Calculate the remainder when 775101 is divided by 71.
65
What is the remainder when 1443 is divided by 335?
103
Calculate the remainder when 38144 is divided by 102.
98
What is the remainder when 18923 is divided by 861?
842
What is the remainder when 1809224 is divided by 85?
84
What is the remainder when 84715 is divided by 100?
15
What is the remainder when 27763 is divided by 9205?
148
What is the remainder when 5969 is divided by 34?
19
Calculate the remainder when 121345 is divided by 682.
631
What is the remainder when 3637 is divided by 135?
127
Calculate the remainder when 15403 is divided by 1184.
11
What is the remainder when 91860 is divided by 18332?
200
Calculate the remainder when 10472 is divided by 12.
8
What is the remainder when 16499 is divided by 5497?
8
Calculate the remainder when 12470 is divided by 72.
14
What is the remainder when 17411 is divided by 4348?
19
What is the remainder when 329 is divided by 40?
9
Calculate the remainder when 1604 is divided by 1461.
143
Calculate the remainder when 150159 is divided by 11.
9
What is the remainder when 69014 is divided by 70?
64
Calculate the remainder when 1727 is divided by 181.
98
What is the remainder when 8944 is divided by 228?
52
What is the remainder when 5359 is divided by 400?
159
What is the remainder when 213124 is divided by 33?
10
Calculate the remainder when 675688 is divided by 160.
8
Calculate the remainder when 533541 is divided by 177838.
27
What is the remainder when 24342 is divided by 6?
0
What is the remainder when 14404 is divided by 327?
16
Calculate the remainder when 50239 is divided by 8.
7
What is the remainder when 42542 is divided by 243?
17
Calculate the remainder when 215792 is divided by 196.
192
What is the remainder when 3037335 is divided by 81?
78
What is the remainder when 346368 is divided by 23?
11
What is the remainder when 1442 is divided by 185?
147
Calculate the remainder when 158535 is divided by 7.
6
What is the remainder when 25103 is divided by 12?
11
What is the remainder when 4333 is divided by 304?
77
Calculate the remainder when 2453 is divided by 644.
521
What is the remainder when 11483 is divided by 30?
23
Calculate the remainder when 2910 is divided by 2847.
63
Calculate the remainder when 295 is divided by 14.
1
Calculate the remainder when 3689 is divided by 246.
245
Calculate the remainder when 138069 is divided by 527.
522
Calculate the remainder when 57555 is divided by 224.
211
Calculate the remainder when 89690 is divided by 27.
23
Calculate the remainder when 2543 is divided by 64.
47
Calculate the remainder when 2837 is divided by 98.
93
What is the remainder when 321959 is divided by 36?
11
What is the remainder when 1225 is divided by 44?
37
Calculate the remainder when 6948 is divided by 1940.
1128
Calculate the remainder when 22151 is divided by 2215.
1
Calculate the remainder when 150484 is divided by 75215.
54
Calculate the remainder when 1017838 is divided by 17.
14
Calculate the remainder when 216759 is divided by 397.
394
Calculate the remainder when 9799 is divided by 674.
363
What is the remainder when 474 is divided by 162?
150
Calculate the remainder when 319834 is divided by 44.
42
What is the remainder when 1511 is divided by 1486?
25
What is the remainder when 38344 is divided by 1278?
4
Calculate the remainder when 1997 is divided by 124.
13
Calculate the remainder when 1860892 is divided by 126.
124
What is the remainder when 44188 is divided by 15?
13
Calculate the remainder when 2692 is divided by 337.
333
What is the remainder when 1582 is divided by 115?
87
What is the remainder when 4364 is divided by 3530?
834
Calculate the remainder when 8389 is divided by 863.
622
What is the remainder when 5128 is divided by 2279?
570
What is the remainder when 142072 is divided by 3157?
7
Calculate the remainder when 70474 is divided by 70463.
11
Calculate the remainder when 5149841 is divided by 124.
121
Calculate the remainder when 3351 is divided by 1659.
33
Calculate the remainder when 84174 is divided by 115.
109
Calculate the remainder when 2560 is divided by 87.
37
What is the remainder when 1067 is divided by